se -2*v - 1244 = -5*g, 2*g - 494 = -3*v + 2*v. What is the units digit of g + (-11 - 4)/5?
5
Let q = 548 + -390. Suppose f = 3*j + 134, 3*f - q = -3*j + 196. What is the tens digit of f?
2
What is the units digit of (-2)/4*-8 + 3603/3?
5
Let s(c) = -2*c**2 - 9*c - 3. Let z be s(-5). Let x(o) = -10*o + 2. What is the tens digit of x(z)?
8
Suppose 0 = k - 685 + 71. What is the tens digit of k?
1
What is the tens digit of 4/34 + -6 + (-31090)/(-170)?
7
Suppose -4*g + 2143 = 3*q, 3*q - q + 4*g = 1430. What is the units digit of q?
3
Let u(y) = 19*y**2 + 14*y + 15. What is the tens digit of u(-4)?
6
Let t(q) = q. Let c be -2*(-9)/(-2)*-1. Let z be t(c). Let f = 13 - z. What is the units digit of f?
4
Let g = 8 + -20. What is the units digit of (424/g)/((-6)/9)?
3
Let v = 788 + -462. Suppose 9*x = 7*x + v. What is the tens digit of x?
6
Suppose 0 = 4*u + i - 20, -4*u + 25 = u - 5*i. Suppose -138 = -r + u. What is the tens digit of r?
4
Let p = -947 + 1157. What is the tens digit of p?
1
Let y = 77 + 27. Let p = 169 - y. What is the units digit of p?
5
Let l = -3 + 9. Let i(z) = 7*z + 25. Let m be i(9). Suppose 0 = -8*q + l*q + m. What is the tens digit of q?
4
Let d(h) = 4882*h + 83. What is the tens digit of d(1)?
6
What is the units digit of (33 - 37)*(-537)/4?
7
Suppose -3*i + 4*i + 4 = 0, -4*y + 2476 = 5*i. What is the hundreds digit of y?
6
What is the tens digit of ((2424/5)/(-4))/((-36)/90)?
0
Let x(n) = -n**2 - n + 67. Let m be x(-9). Suppose -t - 71 = 3*l - 0*t, 0 = 4*t - 16. What is the units digit of (-190)/l - 2/m?
8
Suppose k - 4*k - 201 = 0. Let f = k + 149. What is the tens digit of f?
8
Suppose -5*x - p + 1928 = 0, 4 = -5*p + 3*p. What is the hundreds digit of x?
3
Let j = -137 - -140. Suppose 6*q - 3*q - 30 = 0. Suppose j*c = 5*m + 6 - 18, 4*c + 2*m = q. What is the units digit of c?
1
Let x(t) = -t**3 + 30*t**2 + 69*t - 50. What is the tens digit of x(28)?
5
Suppose -3*u - 4*p - 9 = 0, -5*u = -2*u + 3*p + 9. What is the units digit of 319 + u/(3/1)?
8
Let l(o) = -28*o - 27. Let k be l(-6). Let x = 199 - k. What is the tens digit of x?
5
Let h(z) = -z**2 - 13*z - 7. Let x be 16/3 - (-1)/(-3). Suppose x*u = -3 - 27. What is the units digit of h(u)?
5
Suppose 3*d - 6 = 15. Suppose 0 = -f + 4*h + d + 12, 0 = 5*f + 4*h - 23. What is the units digit of 1/2*6*f?
1
Let c(t) = 5*t**2 - 21*t - 58. What is the hundreds digit of c(25)?
5
Let j(n) = n**3 + 28*n**2 + 26*n - 101. What is the tens digit of j(-24)?
7
Let u(p) = 13*p**2 + 7*p - 12. What is the tens digit of u(-4)?
6
Let l be 2/(2/(-59)) - (9 - 6). Let x = l + 64. What is the units digit of x?
2
Let s = -9 - -33. Suppose s = -3*d + 6. What is the units digit of 7/((-3)/d*2)?
7
Let l = 13 - 14. Let d = l + -14. What is the units digit of (6/d)/(1/(-55))?
2
Let z = -17 + 20. Let k(p) = -2*p + 5 + p**z + 6*p**2 + 12*p + 5*p**2 + 4. What is the units digit of k(-10)?
9
Suppose 3*x - 4*r - 3194 = 0, 0*r + 5330 = 5*x - 5*r. What is the hundreds digit of x?
0
Let l be (-857)/(-5) + 10/(-25). Let g = l + 49. Suppose -31*z = -26*z - g. What is the units digit of z?
4
Suppose -6*h - 87 = 687. Let j = h + 292. What is the units digit of j?
3
Suppose -2*v = -2*p + 2, 3*p - 3 = 6. Suppose 5*y - 4*j = v*y - 90, 120 = -4*y + 3*j. What is the units digit of 15/(-2)*24/y?
6
Let y be -1*(0 - (0 + 3)). Suppose y*u - 3 = 3*m - 6, 0 = -3*m - 3*u + 21. Suppose 108 = 4*f + m*r, 0 = f + 2*f - 5*r - 121. What is the units digit of f?
2
Suppose -j + 5 = 1. Let q be j/8*-2 - 76. Let a = q + 111. What is the units digit of a?
4
Let y = 16 - 22. What is the hundreds digit of (11/2)/(y/(-156)) + -2?
1
Suppose -6*z = -5*z - 2. Suppose 0 = z*p + 3*w - 4*w - 400, -3*p - 3*w + 609 = 0. What is the hundreds digit of p?
2
Let k be (-1 + -2)/((-9)/(-12)). Let j be -2 + -11 - (6 + k). What is the tens digit of (-336)/j + (-2)/5?
2
Suppose 7*p + 4*y = 5*p + 664, y = -4*p + 1314. What is the hundreds digit of p?
3
Let v be -1 - 3/(9/(-57)). Suppose -3*j + 4*o = -2*j - v, 5*j = 5*o + 15. What is the tens digit of (-7)/j*(-6 + 18)?
4
Let d be 29 + -22 - 2*1. Suppose -2*l - 316 = -d*n - 3, 12 = -3*l. What is the units digit of n?
1
Let q(z) = -29*z + 17. Suppose -5*p + 3*w = -0*p + 13, -3*p - w = 19. What is the tens digit of q(p)?
6
Let r(a) = -6*a**2 + 11*a**2 + 5*a**2 + 3*a**2. What is the units digit of r(1)?
3
Let x be (-33)/6 - ((-77)/14 - -5). Let c(p) = -p**3 + 2*p**3 + 2 + 7*p**2 + 4*p + 2. What is the units digit of c(x)?
4
Suppose 0 = r - 4, 3*r - 2906 - 1516 = -5*g. What is the hundreds digit of g?
8
Let g = 111 - 113. What is the units digit of 65 + (-5)/g*(-4)/5?
3
Let z be (-1)/(-1 - 2/(-1))*0. Suppose f - 49 - 97 = z. What is the hundreds digit of f?
1
Suppose -20*l = -21*l + 143. Let j = 395 - l. What is the hundreds digit of j?
2
Suppose -7*r = -11*r + 1824. What is the tens digit of r?
5
Let t = 16 + -9. Suppose -3*i + t*i = -116. What is the units digit of 1 - (0 + -2 + i)?
2
Let l(p) = 670*p + 2. Let a be l(1). Suppose -12*r + a = -4*r. What is the tens digit of r?
8
Let w = 2165 + -917. What is the hundreds digit of w?
2
Suppose -b + 6 = 2*b + 5*p, 4*p = -4*b + 8. Suppose -488 = -4*r - b*y, 5*r - 4*r = -y + 124. What is the units digit of r?
0
Let j(g) be the second derivative of 6*g**5/5 - 5*g**4/12 + 2*g**3/3 - g**2 - 3*g. What is the hundreds digit of j(2)?
1
Let n = 364 + -362. Suppose 0*u = -4*u + 1020. Suppose -3*o + 111 = n*r - 58, -5*o = -2*r - u. What is the tens digit of o?
5
Let m be 2/5 - 294/35. Suppose -34 = -d - 5*b, 2*d = b + 47 - 1. Let t = m + d. What is the units digit of t?
6
Suppose -8*f + 2637 - 845 = 0. What is the units digit of f?
4
Let s(w) = -1 - 3*w**2 - 2 - w + 6 - 2*w**2 + 11*w**3. What is the units digit of s(2)?
9
Let g = 514 + 2110. What is the hundreds digit of g?
6
Let x(w) = 4*w**3 + 2*w**2 - w - 1. Let h be (-16)/(-9) + 14/63. Let g be x(h). Suppose 4*v = g + 23. What is the units digit of v?
5
Let q = -709 + 1008. Let x = q + -157. What is the units digit of x?
2
Let i = 23 - 14. Let s = i - 13. What is the tens digit of -2*(141/(-6) - s)?
3
Let w = 508 + 114. What is the units digit of w?
2
Let f be 15/(-10)*(-16)/(-3). Let p = 79 - f. Let v = p - 52. What is the tens digit of v?
3
Let d = 1588 - 694. What is the tens digit of d?
9
Suppose 2*l + 0 + 4 = 0. Let j(g) = -37*g - 5. What is the units digit of j(l)?
9
Let p(n) = -4*n**3 - n**2 + 1. Let y be p(-1). Let o be (-6)/y + (-72)/(-16). Suppose -o = -4*q + 25. What is the units digit of q?
7
Let q be (-8)/36 + 56/9. What is the units digit of (204/9)/(4/q)?
4
Suppose 2*t - 69 = 3*s, -2*t + 8*s + 63 = 3*s. Let x(r) = r**2 + 4*r - 3. Let u be x(2). Let p = t - u. What is the units digit of p?
0
Let x(o) = 2*o**3 + 2*o**2 - 3*o + 2. Let t be x(-3). Let g = -6 - t. What is the tens digit of g?
1
Let g = -306 + 496. What is the hundreds digit of g?
1
Suppose -11*q = -10*q + 1. Let y(m) = 31*m**2 - m. What is the tens digit of y(q)?
3
What is the hundreds digit of (-6 + 805/(-15))*1*-15?
8
Let z(u) = u**3 + 3*u**2 - u. Suppose -2*w - 8 + 0 = 2*f, 0 = f + 2. What is the units digit of z(w)?
6
Let i(a) be the second derivative of a**5/20 - a**4/6 - 7*a**3/6 - 7*a**2 - 11*a. What is the units digit of i(5)?
6
Let q(a) = a**3 - 6*a**2 + 8*a - 9. Let i be q(5). Suppose -3*v + i*v = 93. What is the tens digit of v?
3
Let v be 2/(-2) - (0 - 5). Suppose 2*k + p + 36 = 5*p, -48 = v*k + 4*p. What is the tens digit of (-72)/6*k/8?
2
Let l be (-4 - (1 - 9)) + -1. What is the units digit of ((-12)/14)/(l/(-399))?
4
Let q(z) = -8*z + 2. Let r(b) = 7*b - 3. Let p(w) = -6*q(w) - 5*r(w). What is the units digit of p(3)?
2
Let w(r) = -112*r**3 - r**2 + 6*r + 7. Let b be w(-2). Suppose 155 = -4*l + b. What is the units digit of l?
3
Let q be -5*(2 + 24/15). Let j be ((-9)/(-6))/((-3)/q). Suppose n - j = 12. What is the tens digit of n?
2
Let m(l) = 135*l**2 - 6*l - 25. What is the thousands digit of m(-4)?
2
Suppose 0 = 2*v + 5*c - 22, 5*v - c - 55 = 2*c. Suppose -840 = -v*n + 6*n. What is the tens digit of n?
6
Suppose 3*r - 240 = -13*r. Suppose 2*z - 2 = 4*z. What is the tens digit of 3 - (z - 0 - r)?
1
Let u(m) = 14*m - 3. Let i(t) = 407*t - 88. Let o(q) = -3*i(q) + 88*u(q). What is the tens digit of o(6)?
6
Let d(b) = 2*b**3 + 4*